- y. List the prime factors of k.
239
Let l = 31 - 31. Suppose 4*j - 92 - 88 = l. List the prime factors of j + (2 - 8/2).
43
Suppose 0 = 9*d - 278 + 62. Suppose -d*k = -17*k - 392. Let y = 206 - k. What are the prime factors of y?
2, 3, 5
Suppose -11*b = 10243 + 5916. Let u = -361 - b. What are the prime factors of u?
2, 277
Let k(b) = -2*b**3 - 74*b**2 + 102*b + 223. List the prime factors of k(-44).
3, 23, 331
Let w(o) = 142*o**2 - 79*o + 805. List the prime factors of w(13).
2, 743
Suppose 5*j = 2*j + 6. Suppose j*w + 197 = -5*d, -2*d - 524 = -w + 6*w. Let n = 196 + w. What are the prime factors of n?
2, 3, 5
Let r = 2940 + 8016. List the prime factors of r.
2, 3, 11, 83
Let f = 8671 + -4390. Suppose -20229 = -18*g - f. List the prime factors of g.
2, 443
Suppose o = 35 - 25. Suppose 0 = -46*s + o*s + 47736. What are the prime factors of s?
2, 3, 13, 17
Let h = 274 - 274. Suppose h = -o + 17*t - 20*t + 487, -3*o + 1477 = t. List the prime factors of o.
17, 29
Let i = 2195 - 552. Suppose 5*t - 232 - i = 0. What are the prime factors of t?
3, 5
Suppose 2*b = -4, -4*x - 2*b + 426 = b. Suppose x = 6*y - 0*y. Suppose 19*c - 28 = y*c. What are the prime factors of c?
2, 7
Suppose -4 = 4*p, f + 0*f - 4 = 2*p. Suppose 3*o - 5 = -c, -2*o + 5 = f*c + 3. Suppose 3 = -o*d + 11. List the prime factors of d.
2
List the prime factors of 1350387/1788 - 2/8.
5, 151
Let k(l) = -17*l + 21. Let b be k(-3). Suppose b*w = 73*w - 258. List the prime factors of w.
2, 3, 43
Let f = 5766 + -5294. List the prime factors of f.
2, 59
Suppose -17 + 3 = -2*y + 2*j, j = -y + 1. Suppose 3*d - 611 = y*c, 2*c + 209 = 3*d - 92. Let s = c + 400. List the prime factors of s.
5, 7
Let l = -2 + 3. Let u be (12*(-12)/(-16))/l. Suppose -u = 2*c - 49. List the prime factors of c.
2, 5
Suppose -3*f + 3*h - 21 = 0, -h - 2 = 4*f + 6. Let l be -1 - f*(-3)/9*-59. Let u = l + -26. List the prime factors of u.
2
Suppose 3*t = -868*d + 865*d + 63681, 0 = -2*t + 5*d + 42510. What are the prime factors of t?
5, 31, 137
Suppose -4*k = 5*f + 2885, 38*k - 36*k = -f - 577. Let m = 929 + f. What are the prime factors of m?
2, 11
Suppose -3*i = -2*d + 4220, -10563 = -370*d + 365*d + i. What are the prime factors of d?
2113
Suppose 5*x - i = -2*i - 29, 0 = -3*x - 3*i - 27. Let a(g) = g**3 + 4*g**2 - 8*g + 4. Let z be a(x). Suppose v = z + 98. What are the prime factors of v?
3, 13
Let c = -12580 - -12868. List the prime factors of c.
2, 3
Let q be (5/3)/((-6)/(-360)). Let j be -32*5/(q/(-335)). Suppose 0 = 17*z - 19*z + j. What are the prime factors of z?
2, 67
Suppose -2065*v + 1435798 = -1974*v. What are the prime factors of v?
2, 7, 23
Let l(s) = 4*s**2 + 7 - 11 + 9 - 6*s - s**2. Let o be l(-4). Suppose -m + o = -0*m - 4*t, -2*m = 5*t - 141. List the prime factors of m.
73
Suppose 46*v - 674429 = 443555. What are the prime factors of v?
2, 7, 31
Let g be 4024/2 - (2 - 7). Let p = g - 1194. List the prime factors of p.
823
Let f be (-18)/(-45)*(1 + 6689). Suppose 0*y + f = 12*y. What are the prime factors of y?
223
Suppose 111*p = 100*p + 1034. Suppose p*u + 2084 = 96*u. List the prime factors of u.
2, 521
Let a(z) = 0 - 439*z + 458*z + 16*z**2 - 26 + 2*z**3 - 3*z**3. What are the prime factors of a(15)?
2, 11
Suppose 3*m = -1937 - 589. Let g = m - -1200. List the prime factors of g.
2, 179
Let n = 371 - 377. Let t(z) = 41*z**2 - 4*z + 15. List the prime factors of t(n).
3, 5, 101
Let s(n) = n**3 + 2*n**2 - n. Let v(t) = -t**2 - 2*t - 3. Let u be v(0). Let z be s(u). Let w(j) = -6*j - 9. List the prime factors of w(z).
3
List the prime factors of 63606672/3312 + 2/23.
5, 23, 167
List the prime factors of (-7)/(-5) + (-94)/235 - -6419.
2, 3, 5, 107
Let p be (354/(-413))/((8/14)/(-2)). Let k(h) = -h**3 - 7*h**2 - 6*h - 9. Let t be k(-6). What are the prime factors of 1*(-464)/p*t/6?
2, 29
Suppose 30*s + 54*s - 961380 = -6*s. List the prime factors of s.
2, 7, 109
Let g be (-670)/60 - (-3)/(3 + 15). List the prime factors of (0 - (-26364)/44) + 2/g.
599
Suppose 4*w = 8803 - 727. Let o = w - 1151. What are the prime factors of o?
2, 7, 31
Let f = -11839 - -17735. List the prime factors of f.
2, 11, 67
Let b = -594 - -626. Suppose -19*l + b*l = 17680. List the prime factors of l.
2, 5, 17
Let b(f) = -8*f - 135. Let r be b(-17). List the prime factors of r/(8/1194) - (-7)/(-28).
149
Let t(v) = -3*v - 74. Let u be t(-33). What are the prime factors of 235*((-120)/u)/(-4)?
2, 3, 47
Let w = -17417 - -27431. List the prime factors of w.
2, 3, 1669
Let o = 226 + -281. Let j = 26 - o. What are the prime factors of j?
3
Let g be 3*(-31)/(-33) + (-16)/(-88). Suppose -1322 = -4*a - 3*v, -2*v = -3*a - g*v + 989. What are the prime factors of a?
7, 47
List the prime factors of (-844864)/(-18) + (-1208)/1359.
2, 5867
List the prime factors of 33 + -41 - -4434*((-190)/(-15) - 0).
2, 101, 139
Let g be (-1)/(-3)*3*57. Suppose 2*b + 284 = 3*a, 3*a - 402 = -a - 2*b. Let z = a - g. List the prime factors of z.
41
List the prime factors of ((-276)/(-60) + -5)*-1095.
2, 3, 73
Let v be 5/((-1159)/(-386) + -3). Suppose -4*f - 3*z = -0*f - 1525, -v = -5*f + z. List the prime factors of f.
5, 7, 11
What are the prime factors of -2 + (2 + 40)*(-5021)/(-6)?
3, 5, 11, 71
Suppose -x - 4*x = -370. Suppose -68*y + x*y = 1920. What are the prime factors of y?
2, 5
Let c = 8382 - 6864. What are the prime factors of c?
2, 3, 11, 23
Suppose -q + 1823 = 2*b, 3*b + 6*q - 9*q = 2739. Suppose m - 916 = -2*d + 3*m, -2*d + m + b = 0. What are the prime factors of d?
2, 227
Suppose 6*o + 383 + 187 = 0. Let j = o + 229. Let y = j - 14. What are the prime factors of y?
2, 3, 5
Suppose 0 = 5*i - 0*q - 2*q - 1076, 0 = 5*i - q - 1073. List the prime factors of i/3*(-546)/(-52).
7, 107
Let b = 161 - -2628. Let q = -1539 + b. List the prime factors of q.
2, 5
List the prime factors of -38*155/2*(-2132)/260.
19, 31, 41
Let h(a) = -a + 58. Let s(f) = -f**2 - 20*f + 34. Let q be s(0). List the prime factors of h(q).
2, 3
Let x(h) = 3*h**3 - 3*h**2 - 104. Let s(j) = 2*j**3 - 2*j**2 - 52. Let z(o) = -5*s(o) + 3*x(o). Let c be z(0). Let b = 13 - c. What are the prime factors of b?
5, 13
Suppose 2*m + 800 = -2*t, 3*t - 3*m + 649 + 551 = 0. Let w = -194 - t. What are the prime factors of w?
2, 103
Let s(g) = -4*g**2 + 33*g - 25. Let c be s(15). Let j = 728 + c. List the prime factors of j.
2, 149
Suppose 0 = -14*h + 12040 + 56896. List the prime factors of h.
2, 1231
Suppose n - 4729 = 5*f, 2*n + 5*f - 1970 - 7548 = 0. Suppose -n = -3*w + 4701. List the prime factors of 28/42*(w/(-4))/(-3).
5, 7
Suppose -2*k + 8 = -2*t - 2*t, -23 = 4*k + 5*t. Let p = k - -27. Suppose c = l - 2*l + p, 2*l = -5*c + 47. What are the prime factors of l?
2, 13
Let v(m) = 9*m**3 + 10*m**2 - 319*m + 3335. List the prime factors of v(10).
5, 2029
Let w be (-42)/(-30) - 70/50. Suppose 3*i + w*i - 4196 = 2*n, 2*i - 2824 = -4*n. What are the prime factors of i?
2, 701
Let x be 27/(-36) + 1 - 11/(-4). Suppose -4*d - 4*t - 2658 = -8194, x*d - 3*t = 4128. What are the prime factors of d?
2, 3, 5, 23
Let w = -2683 + 2835. List the prime factors of w.
2, 19
Suppose -10*t + 9*t + 5*x + 5658 = 0, 0 = x - 6. List the prime factors of t.
2, 3, 79
Let p be 1/(-2)*(-12)/18*6. Let z(a) = -3*a + 35*a**2 - 41 + 0*a - 36*a**p + 30*a. What are the prime factors of z(17)?
3, 43
Suppose 5*c - 40 = -2*z, -80 = -0*z - 4*z + 2*c. Let y = -36 + z. Let j = y - -58. What are the prime factors of j?
2, 3, 7
Suppose i = -4*s + 121, 2*s - 547 = -4*i + 7*s. Let j = i - -15. Suppose 2*b + 5*c - 91 = -17, -2*c - j = -4*b. List the prime factors of b.
37
Let q(p) = 12*p + 50*p + 35*p**2 - p**3 - 305 + 262. List the prime factors of q(36).
19, 47
Let u(d) = 3*d - 31. Let x be u(14). Let b = x + -9. Suppose 3*c - 266 = -3*l + b*l, 4*l + 4*c - 1024 = 0. List the prime factors of l.
251
Let j be (59*5)/(75/90). Let i = 249 + j. List the prime factors of i.
3, 67
Let w(y) = 9433*y**2 + 128*y + 129. List the prime factors of w(-1).
2, 53, 89
Let w(n) = 5*n - 89. Let b be w(9). List the prime factors of 1*-23*(-4)/(b/(-143)).
13, 23
Let m = 104 - 65. Suppose m*b - 5166 = 30*b. List the prime factors of b.
2, 7, 41
Suppose -c + 4*q = 2*q + 496, -c - 4*q = 508. Let o = 1145 + c. List the prime factors of o.
3, 5, 43
Su